{"id":7502,"date":"2022-04-25T12:25:43","date_gmt":"2022-04-25T11:25:43","guid":{"rendered":"https:\/\/khg-aachen.de\/?page_id=7502"},"modified":"2024-11-11T22:36:24","modified_gmt":"2024-11-11T21:36:24","slug":"chico-mendes","status":"publish","type":"page","link":"https:\/\/khg-aachen.de\/index.php\/chico-mendes\/","title":{"rendered":"Lerncaf\u00e9 | Spielekneipe"},"content":{"rendered":"\n<p class=\"has-text-align-center\"><strong>Lern-Caf\u00e9, Spiele-Kneipe und Lounge und Kegelbahn der Katholischen<\/strong> <strong>Hochschulgemeinde (KHG)<\/strong><\/p>\n\n\n<div class=\"lazyblock-khg-abschnitts-container-ZWsrvv wp-block-lazyblock-khg-abschnitts-container\">\n<div class=\"lazyblock-beitrags-abschnitt-1heENJ wp-block-lazyblock-beitrags-abschnitt\"><div class=\"post-paragraph\">\n  <h2 class=\"post-paragraph-title\" style=\"color:#0fb918 !important;\">F\u00fcr Dich vor Ort<\/h2>\n  <div class=\"post-paragraph-left-column\">\n    \n    \n  \t    \t  <img loading=\"lazy\" decoding=\"async\" width=\"280\" height=\"280\" src=\"https:\/\/khg-aachen.de\/wp-content\/uploads\/2020\/09\/chicolounge2.jpg\" class=\"post-paragraph-image\" alt=\"\" srcset=\"https:\/\/khg-aachen.de\/wp-content\/uploads\/2020\/09\/chicolounge2.jpg 1980w, https:\/\/khg-aachen.de\/wp-content\/uploads\/2020\/09\/chicolounge2-300x300.jpg 300w, https:\/\/khg-aachen.de\/wp-content\/uploads\/2020\/09\/chicolounge2-1024x1024.jpg 1024w, https:\/\/khg-aachen.de\/wp-content\/uploads\/2020\/09\/chicolounge2-150x150.jpg 150w, https:\/\/khg-aachen.de\/wp-content\/uploads\/2020\/09\/chicolounge2-768x768.jpg 768w, https:\/\/khg-aachen.de\/wp-content\/uploads\/2020\/09\/chicolounge2-1536x1536.jpg 1536w, https:\/\/khg-aachen.de\/wp-content\/uploads\/2020\/09\/chicolounge2-1736x1736.jpg 1736w\" sizes=\"(max-width: 280px) 100vw, 280px\" \/>  \t  \n  \t  <figcaption class=\"wp-caption-text\">  \t  <\/figcaption>\n  \t  \n  \t    <\/div>\n  <div class=\"post-paragraph-text\">\n\t  <p>\n\n<p><strong> Mo.-Fr.: ab 9 Uhr, Sa.: ab 18 Uhr.<\/strong><\/p>\n\n\n\n<p> Aufgrund mangelnden Lernraums steht Euch das Chico Mendes vormittags vor allem als Lerncaf\u00e9 zur Verf\u00fcgung. Abends sind wir als Spielekneipe f\u00fcr Euch vor Ort. <\/p>\n\n\n\n<p>Ebenfalls verf\u00fcgen wir \u00fcber eine\u00a0<strong>Kegelbahn.<\/strong> Die an die \u00d6ffnungszeiten des Chico Mendes gebunden ist.\u00a0&#8211; Die Reservierung der Kegelbahn ist nur \u00fcber das Sekretariat der KHG m\u00f6glich. Du m\u00f6chtest eine Bahn reservieren? Melde Dich einfach bei Beate via Mail (<a href=\"mailto:be@khg-aachen.de\">be@khg-aachen.de<\/a>) oder zu den \u00d6ffnungszeiten des Sekretariats telefonisch (0241-47000)<\/p>\n\n<\/p>\n  <\/div>\n<\/div>\n\t<\/div>\n\n<div class=\"lazyblock-beitrags-abschnitt-1Jp4Y0 wp-block-lazyblock-beitrags-abschnitt\"><div class=\"post-paragraph\">\n  <h2 class=\"post-paragraph-title\" style=\"color:#feed01 !important;\">Chico Mendes &#8211; die etwas andere Kneipe der KHG<\/h2>\n  <div class=\"post-paragraph-left-column\">\n    \n    \n  \t    \t  <img loading=\"lazy\" decoding=\"async\" width=\"404\" height=\"280\" src=\"https:\/\/khg-aachen.de\/wp-content\/uploads\/2020\/11\/Break_time-404x280.jpg\" class=\"post-paragraph-image\" alt=\"\" srcset=\"https:\/\/khg-aachen.de\/wp-content\/uploads\/2020\/11\/Break_time-404x280.jpg 404w, https:\/\/khg-aachen.de\/wp-content\/uploads\/2020\/11\/Break_time-300x208.jpg 300w, https:\/\/khg-aachen.de\/wp-content\/uploads\/2020\/11\/Break_time-534x370.jpg 534w, https:\/\/khg-aachen.de\/wp-content\/uploads\/2020\/11\/Break_time.jpg 606w\" sizes=\"(max-width: 404px) 100vw, 404px\" \/>  \t  \n  \t  <figcaption class=\"wp-caption-text\">  \t  <\/figcaption>\n  \t  \n  \t    <\/div>\n  <div class=\"post-paragraph-text\">\n\t  <p>\n\n<p><strong>Der gute Geschmack<\/strong><br>Wir bieten Dir Kaffee, Tee und Kakao aus fairer Produktion und Handel nach<a href=\"http:\/\/fair-plus.de\/fair.html\">&nbsp;gepa+<\/a> Standard zu fairen Preisen denn wir finden, dass Gerechtigkeit eine Frage des guten Geschmacks ist. <br><\/p>\n\n<\/p>\n  <\/div>\n<\/div>\n\t<\/div>\n\n<div class=\"lazyblock-beitrags-abschnitt-2eWliF wp-block-lazyblock-beitrags-abschnitt\"><div class=\"post-paragraph\">\n  <h2 class=\"post-paragraph-title\" style=\"color:#0fb918 !important;\">Es darf gespielt werden&#8230;<\/h2>\n  <div class=\"post-paragraph-left-column\">\n    \n    \n  \t    \t  <img loading=\"lazy\" decoding=\"async\" width=\"368\" height=\"280\" src=\"https:\/\/khg-aachen.de\/wp-content\/uploads\/2022\/04\/m-368x280.jpg\" class=\"post-paragraph-image\" alt=\"\" srcset=\"https:\/\/khg-aachen.de\/wp-content\/uploads\/2022\/04\/m-368x280.jpg 368w, https:\/\/khg-aachen.de\/wp-content\/uploads\/2022\/04\/m-300x228.jpg 300w, https:\/\/khg-aachen.de\/wp-content\/uploads\/2022\/04\/m-768x584.jpg 768w, https:\/\/khg-aachen.de\/wp-content\/uploads\/2022\/04\/m-730x555.jpg 730w, https:\/\/khg-aachen.de\/wp-content\/uploads\/2022\/04\/m-486x370.jpg 486w, https:\/\/khg-aachen.de\/wp-content\/uploads\/2022\/04\/m.jpg 990w\" sizes=\"(max-width: 368px) 100vw, 368px\" \/>  \t  \n  \t  <figcaption class=\"wp-caption-text\">  \t  <\/figcaption>\n  \t  \n  \t    <\/div>\n  <div class=\"post-paragraph-text\">\n\t  <p>\n\n<p>Von <strong>Mo. bis Sa., 18.00 Uhr bis 24.00 Uhr eine Spiele-Kneipe.<\/strong> Eine gro\u00dfe Auswahl an Board-Games wartet auf Dich. Und wenn Du nicht allein spielen magst, komm einfach zu einem der Spieleabende dazu: Weitere Infos zu dem <strong>KHG Spieleabend<\/strong> findest Du in unserem Kalender, und <a href=\"https:\/\/khg-aachen.de\/index.php\/2022\/04\/03\/khg-spieleabend\/\">hier<\/a>.<\/p>\n\n\n\n<p>Du bist herzlich willkommen und wir freuen uns auf Dich!<\/p>\n\n<\/p>\n  <\/div>\n<\/div>\n\t<\/div>\n\n<div class=\"lazyblock-beitrags-abschnitt-ZDMRJR wp-block-lazyblock-beitrags-abschnitt\"><div class=\"post-paragraph\">\n  <h2 class=\"post-paragraph-title\" style=\"color:#feed01 !important;\">Miet|Bar: Unsere Kegelbahn mit Service<\/h2>\n  <div class=\"post-paragraph-left-column\">\n    \n    \n  \t    \t  <img loading=\"lazy\" decoding=\"async\" width=\"308\" height=\"280\" src=\"https:\/\/khg-aachen.de\/wp-content\/uploads\/2022\/04\/g-308x280.jpg\" class=\"post-paragraph-image\" alt=\"\" srcset=\"https:\/\/khg-aachen.de\/wp-content\/uploads\/2022\/04\/g-308x280.jpg 308w, https:\/\/khg-aachen.de\/wp-content\/uploads\/2022\/04\/g-300x273.jpg 300w, https:\/\/khg-aachen.de\/wp-content\/uploads\/2022\/04\/g-611x555.jpg 611w, https:\/\/khg-aachen.de\/wp-content\/uploads\/2022\/04\/g-407x370.jpg 407w, https:\/\/khg-aachen.de\/wp-content\/uploads\/2022\/04\/g.jpg 732w\" sizes=\"(max-width: 308px) 100vw, 308px\" \/>  \t  \n  \t  <figcaption class=\"wp-caption-text\">  \t  <\/figcaption>\n  \t  \n  \t    <\/div>\n  <div class=\"post-paragraph-text\">\n\t  <p>\n\n<p>Du m\u00f6chtest eine Bahn reservieren? Melde Dich einfach bei Beate via Mail (<a href=\"mailto:be@khg-aachen.de\">be@khg-aachen.de<\/a>) oder zu den \u00d6ffnungszeiten des Sekretariats telefonisch (0241-47000)<\/p>\n\n\n\n<p>Kosten 8\u20ac \/ Bahn pro Stunde<\/p>\n\n<\/p>\n  <\/div>\n<\/div>\n\t<\/div>\n\n<div class=\"lazyblock-beitrags-abschnitt-ZihucH wp-block-lazyblock-beitrags-abschnitt\"><div class=\"post-paragraph\">\n  <h2 class=\"post-paragraph-title\" style=\"color:#0fb918 !important;\">Kunst | Kultur | Gemeinschaftserleben<\/h2>\n  <div class=\"post-paragraph-left-column\">\n    \n    \n  \t    \t  <img loading=\"lazy\" decoding=\"async\" width=\"342\" height=\"280\" src=\"https:\/\/khg-aachen.de\/wp-content\/uploads\/2022\/04\/k-342x280.jpg\" class=\"post-paragraph-image\" alt=\"\" srcset=\"https:\/\/khg-aachen.de\/wp-content\/uploads\/2022\/04\/k-342x280.jpg 342w, https:\/\/khg-aachen.de\/wp-content\/uploads\/2022\/04\/k-300x245.jpg 300w, https:\/\/khg-aachen.de\/wp-content\/uploads\/2022\/04\/k-452x370.jpg 452w, https:\/\/khg-aachen.de\/wp-content\/uploads\/2022\/04\/k.jpg 660w\" sizes=\"(max-width: 342px) 100vw, 342px\" \/>  \t  \n  \t  <figcaption class=\"wp-caption-text\">  \t  <\/figcaption>\n  \t  \n  \t    <\/div>\n  <div class=\"post-paragraph-text\">\n\t  <p>\n\n<p><strong>KHG Spieleabend<\/strong><\/p>\n\n\n\n<p>jeden ersten Mittwoch im Monat ab 19.30 Uhr. Komm einfach dazu!<\/p>\n\n\n\n<p>Neben regelm\u00e4\u00dfigen Spieleabenden, gibt es auch immer wieder Karaokeabende oder Konzerte.<\/p>\n\n\n\n<p>Die aktuellen Daten findest Du <a href=\"https:\/\/khg-aachen.de\/index.php\/2022\/04\/20\/live-chicomendes\/\">hier.<\/a><\/p>\n\n\n\n<p>Bleib auf dem Laufenden und Folge uns auf Instagram <a href=\"https:\/\/www.instagram.com\/chicomendesaachen\/\" data-type=\"URL\" data-id=\"https:\/\/www.instagram.com\/chicomendesaachen\/\">@chicomendesaachen<\/a><\/p>\n\n<\/p>\n  <\/div>\n<\/div>\n\t<\/div>\n\n<div class=\"lazyblock-beitrags-abschnitt-EndQP wp-block-lazyblock-beitrags-abschnitt\"><div class=\"post-paragraph\">\n  <h2 class=\"post-paragraph-title\" style=\"color:#feed01 !important;\">Lernen mit Service<\/h2>\n  <div class=\"post-paragraph-left-column\">\n    \n    \n  \t    \t  <img loading=\"lazy\" decoding=\"async\" width=\"280\" height=\"280\" src=\"https:\/\/khg-aachen.de\/wp-content\/uploads\/2022\/04\/Chico-Post-280x280.jpg\" class=\"post-paragraph-image\" alt=\"\" srcset=\"https:\/\/khg-aachen.de\/wp-content\/uploads\/2022\/04\/Chico-Post-280x280.jpg 280w, https:\/\/khg-aachen.de\/wp-content\/uploads\/2022\/04\/Chico-Post-300x300.jpg 300w, https:\/\/khg-aachen.de\/wp-content\/uploads\/2022\/04\/Chico-Post-1024x1024.jpg 1024w, https:\/\/khg-aachen.de\/wp-content\/uploads\/2022\/04\/Chico-Post-150x150.jpg 150w, https:\/\/khg-aachen.de\/wp-content\/uploads\/2022\/04\/Chico-Post-768x768.jpg 768w, https:\/\/khg-aachen.de\/wp-content\/uploads\/2022\/04\/Chico-Post-555x555.jpg 555w, https:\/\/khg-aachen.de\/wp-content\/uploads\/2022\/04\/Chico-Post-370x370.jpg 370w, https:\/\/khg-aachen.de\/wp-content\/uploads\/2022\/04\/Chico-Post.jpg 1080w\" sizes=\"(max-width: 280px) 100vw, 280px\" \/>  \t  \n  \t  <figcaption class=\"wp-caption-text\">  \t  <\/figcaption>\n  \t  \n  \t    <\/div>\n  <div class=\"post-paragraph-text\">\n\t  <p>\n\n<p>Der Lernraum des Chico Mendes bietet von Mo-Fr t\u00e4glich:<\/p>\n\n\n\n<p>&#8230; Lernen in netter&nbsp;Atmosph\u00e4re.<\/p>\n\n\n\n<p>&#8230; Guter Service und fairer Kaffee faire Preise. <\/p>\n\n\n\n<p>&#8230;  Service mit Herz: Unser Service ist ein Dienst von Studierenden f\u00fcr Studierende.<\/p>\n\n<\/p>\n  <\/div>\n<\/div>\n\t<\/div>\n\n<div class=\"lazyblock-beitrags-abschnitt-Z1wS5Qd wp-block-lazyblock-beitrags-abschnitt\"><div class=\"post-paragraph\">\n  <h2 class=\"post-paragraph-title\" style=\"color:#0fb918 !important;\">KHG at Chico Mendes<\/h2>\n  <div class=\"post-paragraph-left-column\">\n    \n    \n  \t    \t  <img loading=\"lazy\" decoding=\"async\" width=\"280\" height=\"280\" src=\"https:\/\/khg-aachen.de\/wp-content\/uploads\/2021\/11\/254093678_6496872833686195_4545202283279321646_n-280x280.jpg\" class=\"post-paragraph-image\" alt=\"\" srcset=\"https:\/\/khg-aachen.de\/wp-content\/uploads\/2021\/11\/254093678_6496872833686195_4545202283279321646_n-280x280.jpg 280w, https:\/\/khg-aachen.de\/wp-content\/uploads\/2021\/11\/254093678_6496872833686195_4545202283279321646_n-300x300.jpg 300w, https:\/\/khg-aachen.de\/wp-content\/uploads\/2021\/11\/254093678_6496872833686195_4545202283279321646_n-1024x1024.jpg 1024w, https:\/\/khg-aachen.de\/wp-content\/uploads\/2021\/11\/254093678_6496872833686195_4545202283279321646_n-150x150.jpg 150w, https:\/\/khg-aachen.de\/wp-content\/uploads\/2021\/11\/254093678_6496872833686195_4545202283279321646_n-768x768.jpg 768w, https:\/\/khg-aachen.de\/wp-content\/uploads\/2021\/11\/254093678_6496872833686195_4545202283279321646_n-555x555.jpg 555w, https:\/\/khg-aachen.de\/wp-content\/uploads\/2021\/11\/254093678_6496872833686195_4545202283279321646_n-370x370.jpg 370w, https:\/\/khg-aachen.de\/wp-content\/uploads\/2021\/11\/254093678_6496872833686195_4545202283279321646_n.jpg 1176w\" sizes=\"(max-width: 280px) 100vw, 280px\" \/>  \t  \n  \t  <figcaption class=\"wp-caption-text\">  \t  <\/figcaption>\n  \t  \n  \t    <\/div>\n  <div class=\"post-paragraph-text\">\n\t  <p>\n\n<p>Da Glauben f\u00fcr uns auch Gemeinschaft hei\u00dft, bleibt die Gottesdienstgemeinde der KHG sonntags nach dem Gottesdiensten in der Citykirche bzw. der Kind-Jesu-Kapelle immer noch zum<strong> Sonntagstreff | Community meeting<\/strong> in der gem\u00fctlichen Atmosph\u00e4re des Chico Mendes zusammen. <\/p>\n\n\n\n<p>Auch sonst finden immer wieder Treffen und Aktionen der KHG im Chico Mendes statt, wie Spieleabende oder verschiedene Gespr\u00e4chs- oder Aktionsgruppen. Bleib auf dem Laufenden und Folge uns auf Instagram <a href=\"https:\/\/www.instagram.com\/khgaachen\/\" type=\"URL\" id=\"https:\/\/www.instagram.com\/khgaachen\/\">@khgaachen<\/a><\/p>\n\n<\/p>\n  <\/div>\n<\/div>\n\t<\/div>\n\n<div class=\"lazyblock-beitrags-abschnitt-5OVXI wp-block-lazyblock-beitrags-abschnitt\"><div class=\"post-paragraph\">\n  <h2 class=\"post-paragraph-title\" style=\"color:#feed01 !important;\">Im Patio entsteht Gro\u00dfes<\/h2>\n  <div class=\"post-paragraph-left-column\">\n    \n    \n  \t    \t  <img loading=\"lazy\" decoding=\"async\" width=\"280\" height=\"280\" src=\"https:\/\/khg-aachen.de\/wp-content\/uploads\/2022\/04\/photo_2022-03-26_18-01-21-280x280.jpg\" class=\"post-paragraph-image\" alt=\"\" srcset=\"https:\/\/khg-aachen.de\/wp-content\/uploads\/2022\/04\/photo_2022-03-26_18-01-21-280x280.jpg 280w, https:\/\/khg-aachen.de\/wp-content\/uploads\/2022\/04\/photo_2022-03-26_18-01-21-300x300.jpg 300w, https:\/\/khg-aachen.de\/wp-content\/uploads\/2022\/04\/photo_2022-03-26_18-01-21-1024x1024.jpg 1024w, https:\/\/khg-aachen.de\/wp-content\/uploads\/2022\/04\/photo_2022-03-26_18-01-21-150x150.jpg 150w, https:\/\/khg-aachen.de\/wp-content\/uploads\/2022\/04\/photo_2022-03-26_18-01-21-768x768.jpg 768w, https:\/\/khg-aachen.de\/wp-content\/uploads\/2022\/04\/photo_2022-03-26_18-01-21-555x555.jpg 555w, https:\/\/khg-aachen.de\/wp-content\/uploads\/2022\/04\/photo_2022-03-26_18-01-21-370x370.jpg 370w, https:\/\/khg-aachen.de\/wp-content\/uploads\/2022\/04\/photo_2022-03-26_18-01-21-1200x1200.jpg 1200w, https:\/\/khg-aachen.de\/wp-content\/uploads\/2022\/04\/photo_2022-03-26_18-01-21.jpg 1280w\" sizes=\"(max-width: 280px) 100vw, 280px\" \/>  \t  \n  \t  <figcaption class=\"wp-caption-text\">  \t  <\/figcaption>\n  \t  \n  \t    <\/div>\n  <div class=\"post-paragraph-text\">\n\t  <p>\n\n<p>Ein Projektteam gestaltet den Innenhof von Chico Mendes und KHG Aachen neu. Entstehen soll ein interreligi\u00f6ses und interkulturelles Patio das als Zeichen des friedlichen Miteinanders zu einem sch\u00f6n gestalteten Gemeinschaftsort werden soll. <a href=\"https:\/\/khg-aachen.de\/index.php\/2021\/10\/20\/interreligioeses-patio\/\">Hier<\/a> erf\u00e4hrst Du mehr. <\/p>\n\n<\/p>\n  <\/div>\n<\/div>\n\t<\/div>\n<\/div><div class=\"ShariffSC shariff_container\"><div class=\"shariff shariff-align-flex-start shariff-widget-align-flex-start\"><ul class=\"shariff-buttons theme-round orientation-horizontal buttonsize-medium\"><li class=\"shariff-button facebook\" style=\"background-color:#0fb918;border-radius:25%\"><a href=\"https:\/\/www.facebook.com\/sharer\/sharer.php?u=https%3A%2F%2Fkhg-aachen.de%2Findex.php%2Fchico-mendes%2F\" title=\"Bei Facebook teilen\" aria-label=\"Bei Facebook teilen\" role=\"button\" rel=\"nofollow\" class=\"shariff-link\" style=\";border-radius:25%; background-color:#e3001b; color:#fff\" target=\"_blank\"><span class=\"shariff-icon\" style=\"\"><svg width=\"32px\" height=\"20px\" xmlns=\"http:\/\/www.w3.org\/2000\/svg\" viewBox=\"0 0 18 32\"><path fill=\"#3b5998\" d=\"M17.1 0.2v4.7h-2.8q-1.5 0-2.1 0.6t-0.5 1.9v3.4h5.2l-0.7 5.3h-4.5v13.6h-5.5v-13.6h-4.5v-5.3h4.5v-3.9q0-3.3 1.9-5.2t5-1.8q2.6 0 4.1 0.2z\"\/><\/svg><\/span><\/a><\/li><li class=\"shariff-button twitter\" style=\"background-color:#0fb918;border-radius:25%\"><a href=\"https:\/\/twitter.com\/share?url=https%3A%2F%2Fkhg-aachen.de%2Findex.php%2Fchico-mendes%2F&text=Lerncaf%C3%A9%20%7C%20Spielekneipe\" title=\"Bei X teilen\" aria-label=\"Bei X teilen\" role=\"button\" rel=\"noopener nofollow\" class=\"shariff-link\" style=\";border-radius:25%; background-color:#e3001b; color:#fff\" target=\"_blank\"><span class=\"shariff-icon\" style=\"\"><svg width=\"32px\" height=\"20px\" xmlns=\"http:\/\/www.w3.org\/2000\/svg\" viewBox=\"0 0 24 24\"><path fill=\"#000\" d=\"M14.258 10.152L23.176 0h-2.113l-7.747 8.813L7.133 0H0l9.352 13.328L0 23.973h2.113l8.176-9.309 6.531 9.309h7.133zm-2.895 3.293l-.949-1.328L2.875 1.56h3.246l6.086 8.523.945 1.328 7.91 11.078h-3.246zm0 0\"\/><\/svg><\/span><\/a><\/li><li class=\"shariff-button reddit\" style=\"background-color:#0fb918;border-radius:25%\"><a href=\"https:\/\/www.reddit.com\/submit?url=https%3A%2F%2Fkhg-aachen.de%2Findex.php%2Fchico-mendes%2F\" title=\"Bei Reddit teilen\" aria-label=\"Bei Reddit teilen\" role=\"button\" rel=\"noopener nofollow\" class=\"shariff-link\" style=\";border-radius:25%; background-color:#e3001b; color:#fff\" target=\"_blank\"><span class=\"shariff-icon\" style=\"\"><svg xmlns=\"http:\/\/www.w3.org\/2000\/svg\" viewBox=\"0 0 512 512\"><path fill=\"#ff4500\" d=\"M440.3 203.5c-15 0-28.2 6.2-37.9 15.9-35.7-24.7-83.8-40.6-137.1-42.3L293 52.3l88.2 19.8c0 21.6 17.6 39.2 39.2 39.2 22 0 39.7-18.1 39.7-39.7s-17.6-39.7-39.7-39.7c-15.4 0-28.7 9.3-35.3 22l-97.4-21.6c-4.9-1.3-9.7 2.2-11 7.1L246.3 177c-52.9 2.2-100.5 18.1-136.3 42.8-9.7-10.1-23.4-16.3-38.4-16.3-55.6 0-73.8 74.6-22.9 100.1-1.8 7.9-2.6 16.3-2.6 24.7 0 83.8 94.4 151.7 210.3 151.7 116.4 0 210.8-67.9 210.8-151.7 0-8.4-.9-17.2-3.1-25.1 49.9-25.6 31.5-99.7-23.8-99.7zM129.4 308.9c0-22 17.6-39.7 39.7-39.7 21.6 0 39.2 17.6 39.2 39.7 0 21.6-17.6 39.2-39.2 39.2-22 .1-39.7-17.6-39.7-39.2zm214.3 93.5c-36.4 36.4-139.1 36.4-175.5 0-4-3.5-4-9.7 0-13.7 3.5-3.5 9.7-3.5 13.2 0 27.8 28.5 120 29 149 0 3.5-3.5 9.7-3.5 13.2 0 4.1 4 4.1 10.2.1 13.7zm-.8-54.2c-21.6 0-39.2-17.6-39.2-39.2 0-22 17.6-39.7 39.2-39.7 22 0 39.7 17.6 39.7 39.7-.1 21.5-17.7 39.2-39.7 39.2z\"\/><\/svg><\/span><\/a><\/li><li class=\"shariff-button telegram\" style=\"background-color:#0fb918;border-radius:25%\"><a href=\"https:\/\/telegram.me\/share\/url?url=https%3A%2F%2Fkhg-aachen.de%2Findex.php%2Fchico-mendes%2F&text=Lerncaf%C3%A9%20%7C%20Spielekneipe\" title=\"Bei Telegram teilen\" aria-label=\"Bei Telegram teilen\" role=\"button\" rel=\"noopener nofollow\" class=\"shariff-link\" style=\";border-radius:25%; background-color:#e3001b; color:#fff\" target=\"_blank\"><span class=\"shariff-icon\" style=\"\"><svg width=\"32px\" height=\"20px\" xmlns=\"http:\/\/www.w3.org\/2000\/svg\" viewBox=\"0 0 32 32\"><path fill=\"#0088cc\" d=\"M30.8 6.5l-4.5 21.4c-.3 1.5-1.2 1.9-2.5 1.2L16.9 24l-3.3 3.2c-.4.4-.7.7-1.4.7l.5-7L25.5 9.2c.6-.5-.1-.8-.9-.3l-15.8 10L2 16.7c-1.5-.5-1.5-1.5.3-2.2L28.9 4.3c1.3-.5 2.3.3 1.9 2.2z\"\/><\/svg><\/span><\/a><\/li><li class=\"shariff-button threema shariff-mobile\" style=\"background-color:#0fb918;border-radius:25%\"><a href=\"threema:\/\/compose?text=Lerncaf%C3%A9%20%7C%20Spielekneipe%20https%3A%2F%2Fkhg-aachen.de%2Findex.php%2Fchico-mendes%2F\" title=\"Bei Threema teilen\" aria-label=\"Bei Threema teilen\" role=\"button\" rel=\"noopener nofollow\" class=\"shariff-link\" style=\";border-radius:25%; background-color:#e3001b; color:#fff\" target=\"_blank\"><span class=\"shariff-icon\" style=\"\"><svg width=\"32px\" height=\"20px\" xmlns=\"http:\/\/www.w3.org\/2000\/svg\" viewBox=\"0 0 32 32\"><path fill=\"#1f1f1f\" d=\"M30.8 10.9c-0.3-1.4-0.9-2.6-1.8-3.8-2-2.6-5.5-4.5-9.4-5.2-1.3-0.2-1.9-0.3-3.5-0.3s-2.2 0-3.5 0.3c-4 0.7-7.4 2.6-9.4 5.2-0.9 1.2-1.5 2.4-1.8 3.8-0.1 0.5-0.2 1.2-0.2 1.6 0 0.4 0.1 1.1 0.2 1.6 0.4 1.9 1.3 3.4 2.9 5 0.8 0.8 0.8 0.8 0.7 1.3 0 0.6-0.5 1.6-1.7 3.6-0.3 0.5-0.5 0.9-0.5 0.9 0 0.1 0.1 0.1 0.5 0 0.8-0.2 2.3-0.6 5.6-1.6 1.1-0.3 1.3-0.4 2.3-0.4 0.8 0 1.1 0 2.3 0.2 1.5 0.2 3.5 0.2 4.9 0 5.1-0.6 9.3-2.9 11.4-6.3 0.5-0.9 0.9-1.8 1.1-2.8 0.1-0.5 0.2-1.1 0.2-1.6 0-0.7-0.1-1.1-0.2-1.6-0.3-1.4 0.1 0.5 0 0zM20.6 17.3c0 0.4-0.4 0.8-0.8 0.8h-7.7c-0.4 0-0.8-0.4-0.8-0.8v-4.6c0-0.4 0.4-0.8 0.8-0.8h0.2l0-1.6c0-0.9 0-1.8 0.1-2 0.1-0.6 0.6-1.2 1.1-1.7s1.1-0.7 1.9-0.8c1.8-0.3 3.7 0.7 4.2 2.2 0.1 0.3 0.1 0.7 0.1 2.1v0 1.7h0.1c0.4 0 0.8 0.4 0.8 0.8v4.6zM15.6 7.3c-0.5 0.1-0.8 0.3-1.2 0.6s-0.6 0.8-0.7 1.3c0 0.2 0 0.8 0 1.5l0 1.2h4.6v-1.3c0-1 0-1.4-0.1-1.6-0.3-1.1-1.5-1.9-2.6-1.7zM25.8 28.2c0 1.2-1 2.2-2.1 2.2s-2.1-1-2.1-2.1c0-1.2 1-2.1 2.2-2.1s2.2 1 2.2 2.2zM18.1 28.2c0 1.2-1 2.2-2.1 2.2s-2.1-1-2.1-2.1c0-1.2 1-2.1 2.2-2.1s2.2 1 2.2 2.2zM10.4 28.2c0 1.2-1 2.2-2.1 2.2s-2.1-1-2.1-2.1c0-1.2 1-2.1 2.2-2.1s2.2 1 2.2 2.2z\"\/><\/svg><\/span><\/a><\/li><li class=\"shariff-button mailto\" style=\"background-color:#0fb918;border-radius:25%\"><a href=\"mailto:?body=https%3A%2F%2Fkhg-aachen.de%2Findex.php%2Fchico-mendes%2F&subject=Lerncaf%C3%A9%20%7C%20Spielekneipe\" title=\"Per E-Mail versenden\" aria-label=\"Per E-Mail versenden\" role=\"button\" rel=\"noopener nofollow\" class=\"shariff-link\" style=\";border-radius:25%; background-color:#e3001b; color:#fff\"><span class=\"shariff-icon\" style=\"\"><svg width=\"32px\" height=\"20px\" xmlns=\"http:\/\/www.w3.org\/2000\/svg\" viewBox=\"0 0 32 32\"><path fill=\"#999\" d=\"M32 12.7v14.2q0 1.2-0.8 2t-2 0.9h-26.3q-1.2 0-2-0.9t-0.8-2v-14.2q0.8 0.9 1.8 1.6 6.5 4.4 8.9 6.1 1 0.8 1.6 1.2t1.7 0.9 2 0.4h0.1q0.9 0 2-0.4t1.7-0.9 1.6-1.2q3-2.2 8.9-6.1 1-0.7 1.8-1.6zM32 7.4q0 1.4-0.9 2.7t-2.2 2.2q-6.7 4.7-8.4 5.8-0.2 0.1-0.7 0.5t-1 0.7-0.9 0.6-1.1 0.5-0.9 0.2h-0.1q-0.4 0-0.9-0.2t-1.1-0.5-0.9-0.6-1-0.7-0.7-0.5q-1.6-1.1-4.7-3.2t-3.6-2.6q-1.1-0.7-2.1-2t-1-2.5q0-1.4 0.7-2.3t2.1-0.9h26.3q1.2 0 2 0.8t0.9 2z\"\/><\/svg><\/span><\/a><\/li><li class=\"shariff-button info\" style=\"background-color:#0fb918;border-radius:25%\"><a href=\"http:\/\/ct.de\/-2467514\" title=\"Weitere Informationen\" aria-label=\"Weitere Informationen\" role=\"button\" rel=\"noopener \" class=\"shariff-link\" style=\";border-radius:25%; background-color:#e3001b; color:#fff\" target=\"_blank\"><span class=\"shariff-icon\" style=\"\"><svg width=\"32px\" height=\"20px\" xmlns=\"http:\/\/www.w3.org\/2000\/svg\" viewBox=\"0 0 11 32\"><path fill=\"#999\" d=\"M11.4 24v2.3q0 0.5-0.3 0.8t-0.8 0.4h-9.1q-0.5 0-0.8-0.4t-0.4-0.8v-2.3q0-0.5 0.4-0.8t0.8-0.4h1.1v-6.8h-1.1q-0.5 0-0.8-0.4t-0.4-0.8v-2.3q0-0.5 0.4-0.8t0.8-0.4h6.8q0.5 0 0.8 0.4t0.4 0.8v10.3h1.1q0.5 0 0.8 0.4t0.3 0.8zM9.2 3.4v3.4q0 0.5-0.4 0.8t-0.8 0.4h-4.6q-0.4 0-0.8-0.4t-0.4-0.8v-3.4q0-0.4 0.4-0.8t0.8-0.4h4.6q0.5 0 0.8 0.4t0.4 0.8z\"\/><\/svg><\/span><\/a><\/li><\/ul><\/div><\/div>","protected":false},"excerpt":{"rendered":"<p>Lern-Caf\u00e9, Spiele-Kneipe und Lounge und Kegelbahn der Katholischen Hochschulgemeinde (KHG)<\/p>\n","protected":false},"author":3,"featured_media":7534,"parent":0,"menu_order":0,"comment_status":"closed","ping_status":"closed","template":"","meta":{"footnotes":""},"class_list":["post-7502","page","type-page","status-publish","has-post-thumbnail","hentry"],"_links":{"self":[{"href":"https:\/\/khg-aachen.de\/index.php\/wp-json\/wp\/v2\/pages\/7502"}],"collection":[{"href":"https:\/\/khg-aachen.de\/index.php\/wp-json\/wp\/v2\/pages"}],"about":[{"href":"https:\/\/khg-aachen.de\/index.php\/wp-json\/wp\/v2\/types\/page"}],"author":[{"embeddable":true,"href":"https:\/\/khg-aachen.de\/index.php\/wp-json\/wp\/v2\/users\/3"}],"replies":[{"embeddable":true,"href":"https:\/\/khg-aachen.de\/index.php\/wp-json\/wp\/v2\/comments?post=7502"}],"version-history":[{"count":59,"href":"https:\/\/khg-aachen.de\/index.php\/wp-json\/wp\/v2\/pages\/7502\/revisions"}],"predecessor-version":[{"id":13219,"href":"https:\/\/khg-aachen.de\/index.php\/wp-json\/wp\/v2\/pages\/7502\/revisions\/13219"}],"wp:featuredmedia":[{"embeddable":true,"href":"https:\/\/khg-aachen.de\/index.php\/wp-json\/wp\/v2\/media\/7534"}],"wp:attachment":[{"href":"https:\/\/khg-aachen.de\/index.php\/wp-json\/wp\/v2\/media?parent=7502"}],"curies":[{"name":"wp","href":"https:\/\/api.w.org\/{rel}","templated":true}]}}